{"id":52,"date":"2017-05-19T15:35:24","date_gmt":"2017-05-19T15:35:24","guid":{"rendered":"http:\/\/redeicsabadr.hu\/wordpress\/?page_id=52"},"modified":"2024-03-25T22:13:45","modified_gmt":"2024-03-25T22:13:45","slug":"oneletrajz","status":"publish","type":"page","link":"https:\/\/redeicsabadr.hu\/wordpress\/oneletrajz\/","title":{"rendered":"\u00d6n\u00e9letrajz"},"content":{"rendered":"<h2><strong>Szakmai \u00f6n\u00e9letrajz:<\/strong><\/h2>\n<p>N\u00e9v: dr. R\u00e9dei Csaba K\u00e1lm\u00e1n<\/p>\n<p>Sz\u00fclet\u00e9si id\u0151pont: 1975. december 14. Budapest<\/p>\n<p>V\u00e9gzetts\u00e9g: 1994-2000. Semmelweis Egyetem \u00c1ltal\u00e1nos Orvostudom\u00e1nyi Kar. Diplom\u00e1m eredm\u00e9nye: \u201eCum laude\u201d<\/p>\n<p>Szakdolgozat: \u201eA gastrooesophagealis reflux betegs\u00e9g\u201d<\/p>\n<p>Konzulens: dr Pr\u00f3nai L\u00e1szl\u00f3 SE II.sz. Belgy\u00f3gy\u00e1szati Klinika<\/p>\n<p>Szakk\u00e9pz\u00e9s:<\/p>\n<p>2006.: Belgy\u00f3gy\u00e1szati Szakvizsga<\/p>\n<p>2008.: Gasztroenterol\u00f3giai Szakvizsga.<\/p>\n<p>2016.: Endoszk\u00f3pos ultrahang vizsg\u00e1latok licenc vizsga<\/p>\n<h3><strong>Tov\u00e1bbi v\u00e9gzetts\u00e9g:<\/strong><\/h3>\n<p>2011-2013.: Corvinus Egyetem: eg\u00e9szs\u00e9g\u00fcgyi menedzser specialista m\u00e1soddiploma<\/p>\n<h3><strong>Munkahelyek:<\/strong><\/h3>\n<p>2000. okt\u00f3ber 1- 2002. november 30.: Semmelweis Egyetem &#8211; belgy\u00f3gy\u00e1szati k\u00f6zponti gyakornok.<\/p>\n<p>2002. december 1- 2004. december 31.: Budai Irgalmasrendi K\u00f3rh\u00e1z Belgy\u00f3gy\u00e1szati, Gasztroenterol\u00f3giai, Endokrinol\u00f3giai, Diabetol\u00f3giai Oszt\u00e1ly.<\/p>\n<p>2005. janu\u00e1r 1- 2006. november 30.: Budapesti Szent Ferenc K\u00f3rh\u00e1z Belgy\u00f3gy\u00e1szati Profil.<\/p>\n<p>2006. december 1- 2017. \u00e1prilis 28.: Szent Imre Egyetemi Oktat\u00f3 K\u00f3rh\u00e1z Belgy\u00f3gy\u00e1szati Szakm\u00e1k M\u00e1trix Szervezete, Gasztroenterol\u00f3giai Profil \u2013 2011. \u00f3ta adjunktus.<\/p>\n<p>2017. \u00e1prilis 29-t\u0151l: Buda\u00f6rsi Eg\u00e9szs\u00e9gk\u00f6zpont Gasztroenterol\u00f3giai Szakrendel\u00e9s \u2013 f\u0151orvos<\/p>\n<h3><strong>\u00c9rdekl\u0151d\u00e9si ter\u00fclet:<\/strong><\/h3>\n<p>Gasztroenterol\u00f3giai (gyomor-b\u00e9lrendszeri, hepatologiai, pancreatologiai) betegs\u00e9gben szenved\u0151k vizsg\u00e1lata, kezel\u00e9se, gondoz\u00e1sa.<\/p>\n<p><em>Gyakorlattal rendelkezem:<\/em><\/p>\n<p>Fels\u0151- \u00e9s als\u00f3 t\u00e1pcsatorna endoscopos vizsg\u00e1l\u00f3 \u00e9s ter\u00e1pi\u00e1s beavatkoz\u00e1sai. Gastroscopia, colonoscopia, enteralis stent-behelyez\u00e9s, ballonos t\u00e1g\u00edt\u00e1s, percutan endoscopos gastrostoma implantatio; t\u00e1pcsatornai v\u00e9rz\u00e9sek endoscopos ell\u00e1t\u00e1sa: oesophagus varix sclerotisatio, ligatio, haemoclip felhelyez\u00e9s,\u00a0 Argon-plasma coagulatio. Nyel\u0151cs\u0151 pH-metria.<\/p>\n<p>Gasztroenterol\u00f3giai hasi ultrahang vizsg\u00e1lat.<\/p>\n<p>Endoscopos ultrahang vizsg\u00e1lat.<\/p>\n<p>Capsula endoscopia.<\/p>\n<h3><strong>T\u00e1rsas\u00e1gi tags\u00e1g:<\/strong><\/h3>\n<p>Magyar Gasztroenterol\u00f3giai T\u00e1rsas\u00e1g &#8211; 2019 \u00f3ta vezet\u0151s\u00e9gi tag<\/p>\n<p>Magyar Belgy\u00f3gy\u00e1sz T\u00e1rsas\u00e1g<\/p>\n<p>Fiatal Gasztroenterol\u00f3gusok Munkacsoportja<\/p>\n<p>Magyar Obezitol\u00f3giai \u00e9s Mozg\u00e1ster\u00e1pi\u00e1s T\u00e1rsas\u00e1g<\/p>\n<h3><strong>Nyelvismeret:<\/strong><\/h3>\n<p>francia, angol<\/p>\n","protected":false},"excerpt":{"rendered":"<p>Szakmai \u00f6n\u00e9letrajz: N\u00e9v: dr. R\u00e9dei Csaba K\u00e1lm\u00e1n Sz\u00fclet\u00e9si id\u0151pont: 1975. december 14. Budapest V\u00e9gzetts\u00e9g: 1994-2000. Semmelweis Egyetem \u00c1ltal\u00e1nos Orvostudom\u00e1nyi Kar. Diplom\u00e1m eredm\u00e9nye: \u201eCum laude\u201d Szakdolgozat: \u201eA gastrooesophagealis reflux betegs\u00e9g\u201d Konzulens: dr Pr\u00f3nai L\u00e1szl\u00f3 SE II.sz. Belgy\u00f3gy\u00e1szati Klinika Szakk\u00e9pz\u00e9s: 2006.: Belgy\u00f3gy\u00e1szati Szakvizsga 2008.: Gasztroenterol\u00f3giai Szakvizsga. 2016.: Endoszk\u00f3pos ultrahang vizsg\u00e1latok licenc vizsga Tov\u00e1bbi v\u00e9gzetts\u00e9g: 2011-2013.: Corvinus Egyetem:&hellip;&nbsp;<a href=\"https:\/\/redeicsabadr.hu\/wordpress\/oneletrajz\/\" rel=\"bookmark\">Read More &raquo;<span class=\"screen-reader-text\">\u00d6n\u00e9letrajz<\/span><\/a><\/p>\n","protected":false},"author":1,"featured_media":0,"parent":0,"menu_order":0,"comment_status":"closed","ping_status":"closed","template":"","meta":{"neve_meta_sidebar":"","neve_meta_container":"","neve_meta_enable_content_width":"","neve_meta_content_width":0,"neve_meta_title_alignment":"","neve_meta_author_avatar":"","neve_post_elements_order":"","neve_meta_disable_header":"","neve_meta_disable_footer":"","neve_meta_disable_title":"","_themeisle_gutenberg_block_has_review":false,"footnotes":""},"yst_prominent_words":[],"class_list":["post-52","page","type-page","status-publish","hentry"],"_links":{"self":[{"href":"https:\/\/redeicsabadr.hu\/wordpress\/wp-json\/wp\/v2\/pages\/52","targetHints":{"allow":["GET"]}}],"collection":[{"href":"https:\/\/redeicsabadr.hu\/wordpress\/wp-json\/wp\/v2\/pages"}],"about":[{"href":"https:\/\/redeicsabadr.hu\/wordpress\/wp-json\/wp\/v2\/types\/page"}],"author":[{"embeddable":true,"href":"https:\/\/redeicsabadr.hu\/wordpress\/wp-json\/wp\/v2\/users\/1"}],"replies":[{"embeddable":true,"href":"https:\/\/redeicsabadr.hu\/wordpress\/wp-json\/wp\/v2\/comments?post=52"}],"version-history":[{"count":10,"href":"https:\/\/redeicsabadr.hu\/wordpress\/wp-json\/wp\/v2\/pages\/52\/revisions"}],"predecessor-version":[{"id":228,"href":"https:\/\/redeicsabadr.hu\/wordpress\/wp-json\/wp\/v2\/pages\/52\/revisions\/228"}],"wp:attachment":[{"href":"https:\/\/redeicsabadr.hu\/wordpress\/wp-json\/wp\/v2\/media?parent=52"}],"wp:term":[{"taxonomy":"yst_prominent_words","embeddable":true,"href":"https:\/\/redeicsabadr.hu\/wordpress\/wp-json\/wp\/v2\/yst_prominent_words?post=52"}],"curies":[{"name":"wp","href":"https:\/\/api.w.org\/{rel}","templated":true}]}}

Önéletrajz

<h2><strong>Szakmai önéletrajz:</strong></h2>
<p>Név: dr. Rédei Csaba Kálmán</p>
<p>Születési időpont: 1975. december 14. Budapest</p>
<p>Végzettség: 1994-2000. Semmelweis Egyetem Általános Orvostudományi Kar. Diplomám eredménye: „Cum laude”</p>
<p>Szakdolgozat: „A gastrooesophagealis reflux betegség”</p>
<p>Konzulens: dr Prónai László SE II.sz. Belgyógyászati Klinika</p>
<p>Szakképzés:</p>
<p>2006.: Belgyógyászati Szakvizsga</p>
<p>2008.: Gasztroenterológiai Szakvizsga.</p>
<p>2016.: Endoszkópos ultrahang vizsgálatok licenc vizsga</p>
<h3><strong>További végzettség:</strong></h3>
<p>2011-2013.: Corvinus Egyetem: egészségügyi menedzser specialista másoddiploma</p>
<h3><strong>Munkahelyek:</strong></h3>
<p>2000. október 1- 2002. november 30.: Semmelweis Egyetem &#8211; belgyógyászati központi gyakornok.</p>
<p>2002. december 1- 2004. december 31.: Budai Irgalmasrendi Kórház Belgyógyászati, Gasztroenterológiai, Endokrinológiai, Diabetológiai Osztály.</p>
<p>2005. január 1- 2006. november 30.: Budapesti Szent Ferenc Kórház Belgyógyászati Profil.</p>
<p>2006. december 1- 2017. április 28.: Szent Imre Egyetemi Oktató Kórház Belgyógyászati Szakmák Mátrix Szervezete, Gasztroenterológiai Profil – 2011. óta adjunktus.</p>
<p>2017. április 29-től: Budaörsi Egészségközpont Gasztroenterológiai Szakrendelés – főorvos</p>
<h3><strong>Érdeklődési terület:</strong></h3>
<p>Gasztroenterológiai (gyomor-bélrendszeri, hepatologiai, pancreatologiai) betegségben szenvedők vizsgálata, kezelése, gondozása.</p>
<p><em>Gyakorlattal rendelkezem:</em></p>
<p>Felső- és alsó tápcsatorna endoscopos vizsgáló és terápiás beavatkozásai. Gastroscopia, colonoscopia, enteralis stent-behelyezés, ballonos tágítás, percutan endoscopos gastrostoma implantatio; tápcsatornai vérzések endoscopos ellátása: oesophagus varix sclerotisatio, ligatio, haemoclip felhelyezés,  Argon-plasma coagulatio. Nyelőcső pH-metria.</p>
<p>Gasztroenterológiai hasi ultrahang vizsgálat.</p>
<p>Endoscopos ultrahang vizsgálat.</p>
<p>Capsula endoscopia.</p>
<h3><strong>Társasági tagság:</strong></h3>
<p>Magyar Gasztroenterológiai Társaság &#8211; 2019 óta vezetőségi tag</p>
<p>Magyar Belgyógyász Társaság</p>
<p>Fiatal Gasztroenterológusok Munkacsoportja</p>
<p>Magyar Obezitológiai és Mozgásterápiás Társaság</p>
<h3><strong>Nyelvismeret:</strong></h3>
<p>francia, angol</p>

<p>Szakmai önéletrajz: Név: dr. Rédei Csaba Kálmán Születési időpont: 1975. december 14. Budapest Végzettség: 1994-2000. Semmelweis Egyetem Általános Orvostudományi Kar. Diplomám eredménye: „Cum laude” Szakdolgozat: „A gastrooesophagealis reflux betegség” Konzulens: dr Prónai László SE II.sz. Belgyógyászati Klinika Szakképzés: 2006.: Belgyógyászati Szakvizsga 2008.: Gasztroenterológiai Szakvizsga. 2016.: Endoszkópos ultrahang vizsgálatok licenc vizsga További végzettség: 2011-2013.: Corvinus Egyetem:&hellip;&nbsp;<a href="https://redeicsabadr.hu/wordpress/oneletrajz/" rel="bookmark">Read More &raquo;<span class="screen-reader-text">Önéletrajz</span></a></p>
